 divisor of 17 and s?
17
Let j(y) = 3*y**2 - 8*y - 7. Let b = -26 - -30. Let f be j(b). Suppose m - f - 30 = 0. Calculate the highest common divisor of 39 and m.
39
Let a(d) = -4*d**3 + 3*d**2 - d - 4. Let g(z) = 5*z**3 - 30*z**2 + z - 8. Let j be g(6). Let p be a(j). Calculate the greatest common factor of 105 and p.
21
Let o be (-14)/(23/((-2093)/26)). What is the greatest common divisor of 693 and o?
7
Suppose 5*o + 19 = 4*s, -2*o + 4*s - 6 = 4. Let t(w) = 2*w - w + 19*w**2 + 6 - w - w. Let f be t(o). Calculate the greatest common factor of 20 and f.
20
Let f = 3299 - 3255. What is the highest common divisor of f and 30?
2
Let i(q) = -q**2 + 6*q. Suppose 15 = 5*g - 0*g. Let a be i(g). Let w be a/(324/(-8)) + (-5674)/(-18). What is the greatest common divisor of 45 and w?
45
Let l be (-1*(-1 - 1/4))/(1270/436880). What is the highest common divisor of l and 8084?
86
Let c(v) = 17*v**2 - 57*v + 132. Let l be c(5). What is the greatest common factor of 592 and l?
16
Let r be (6/39 - (-1155)/13)*-1. Let d = 94 + r. What is the highest common factor of d and 125?
5
Suppose 7*j = 8*j, -2*j = 4*g - 64. Let n(i) = -i**2 - 11*i - 2. Let l = 29 - 38. Let q be n(l). Calculate the highest common factor of g and q.
16
Suppose 200*j = 193*j + 35. Suppose 5*p = z + 336, j*p - 5*z + z = 324. What is the highest common factor of 68 and p?
68
Let r(c) = -16*c. Let m be r(-1). Suppose -2*o - 2*o = -4, 0 = -4*b + 2*o + 6. Let v be ((-76)/6 + b)/((-40)/60). What is the greatest common factor of m and v?
16
Let r = 114 - 113. Let u be (-3 - r) + (3 + 15)*1. What is the highest common factor of 14 and u?
14
Suppose -3*r = 4*i - 378, -3*r + 2*i = -3*i - 405. Calculate the highest common factor of 5135 and r.
65
Suppose 0 = -6*j + 30, -2*m - 3*j + 4*j = -611. What is the greatest common factor of m and 484?
44
Let i be (-2)/(-3) - (-319)/3. Let k(y) = 3*y**2 + 3*y - 26. Let q be k(-4). Suppose -i = q*d - 667. Calculate the greatest common factor of d and 8.
8
Let i(c) = -7*c + 3. Let q be i(-1). Let w(t) = -2*t + 34. Let a be w(18). Let p = a + q. What is the greatest common divisor of p and 2?
2
Let b = -253 - -258. Suppose 3*c + b*o = 106, c - 4*o = -2*o + 50. Calculate the highest common factor of c and 273.
21
Let d(l) = -l**2 + 5*l - 5. Let v be d(2). Let x(q) = 7*q**2 + 8*q - 2. Let f be x(v). Calculate the greatest common divisor of f and 533.
13
Let k(j) = -5*j**2 - 20*j + 96. Let b be k(-6). What is the greatest common divisor of 1422 and b?
18
Suppose -20*t - 5*t = 3775. Let j = 153 + t. What is the greatest common divisor of j and 19?
1
Let v = 849 - 829. Let o be (77/14)/((-1)/(-94)) - -3. What is the highest common factor of v and o?
20
Suppose 0 = -270*b + 115156 + 44684. What is the highest common factor of b and 32?
16
Let f(z) = -z**3 + 11*z**2 + 61*z + 21. Let v be ((-90)/24)/((-1)/(-8)*-2). Let y be f(v). Calculate the greatest common divisor of y and 252.
36
Let r(q) = 8*q**2 + 11*q + 6. Suppose -10*m - 24 = -6*m. Let g be r(m). Suppose 5*d = 2*d + g. What is the highest common factor of 38 and d?
38
Let d = -10524 + 10575. Calculate the greatest common divisor of 3 and d.
3
Let g = 69 - 66. Let x be 0 - (2 - g - 5). Suppose x + 3 = n. Calculate the greatest common factor of 9 and n.
9
Let r be -1 + 61 + 2 + 3. Let c(u) = u**2 + 12*u - 60. Let y be c(-17). Suppose 0 = 19*f - y - 222. Calculate the greatest common factor of r and f.
13
Let r be 2880/(-270)*-1*84/16. Calculate the highest common divisor of r and 3388.
28
Suppose 21*v - 23*v + 182 = 0. Let m = -62 - -62. Suppose 0 = x + 3*w + 2*w - 18, -3*x + 2*w + 37 = m. What is the highest common factor of v and x?
13
Suppose -10574 = -3*j + 5*v, 4*j + 291*v = 296*v + 14102. What is the highest common divisor of 245 and j?
49
Let f = 94 + -82. Let v be -34*(2 - 42/f). Calculate the highest common divisor of v and 51.
51
Suppose 3*z - 537 - 363 = 0. Suppose 111*s - 106*s = z. Calculate the greatest common factor of 20 and s.
20
Suppose o - 5*f = -27, -5*f + 136 = -3*o - f. Let r be -22 - ((0 - 6) + 1). Let y = r - o. What is the highest common factor of 315 and y?
35
Let c = -9426 + 9564. Calculate the highest common divisor of c and 1518.
138
Let c(n) = -14*n - 41. Suppose 2*z - 12*z - 100 = 0. Let y be c(z). What is the highest common factor of 132 and y?
33
Let z be 17/3 + -2 + (-4)/6. Let d be 1/4 + (-327)/12. Let i be 9/(-2 - d/12). What is the highest common divisor of z and i?
3
Suppose -4*h + 5086 = 27*y - 26*y, -h = -7*y - 1228. Calculate the greatest common divisor of 40 and h.
10
Let d(y) = -y**3 + 9*y**2 - 12*y + 4. Let p = 217 + -141. Let t be 19/p - 46/(-8). Let s be d(t). Calculate the greatest common divisor of 24 and s.
8
Let m(u) = -2*u**2 - 41*u - 5. Let r be m(-20). Calculate the greatest common factor of 4285 and r.
5
Let u be 736 + (29 - 18 - -3). Calculate the greatest common divisor of u and 66.
6
Let l(s) = 12*s - 34. Let y be l(3). Suppose -2*c + 24 = 3*r - y*r, 5*r = -10. Calculate the highest common divisor of c and 1.
1
Let s = 12967 + -11694. Calculate the highest common factor of s and 1541.
67
Let z = 909 - 897. What is the highest common factor of z and 1212?
12
Let j(c) = -902*c**3 - c**2 + c. Let s be j(1). Let b be s/(-77) - 6/(-21). Let o be 3542/21 - b/(-9). Calculate the highest common divisor of 34 and o.
34
Let i(p) = 421*p + 52. Let f be i(0). Calculate the greatest common factor of 5694 and f.
26
Suppose -7*j - 15*j = -41*j + 1197. What is the greatest common factor of j and 1836?
9
Suppose -453 + 1119 = 9*m. Suppose 2*s + 2*w = m, -33 = 2*s + 3*w - 107. Let t = -78 - -374. Calculate the greatest common divisor of s and t.
37
Suppose 0 = 4*d - 2*d - 6. Suppose -9*t = -d*t - 468. Suppose 3*i + 429 = 5*p, p = 3*i + 3 + t. Calculate the highest common divisor of p and 29.
29
Let a be ((-10)/(-10) + -505)/(-2). Let q be (27/(-6))/3 + (-27)/(-6). What is the highest common factor of a and q?
3
Suppose 4*f = 4*r + 220, 4*f + 3*r - 225 = 8*r. Suppose 15*l - f = 160. What is the greatest common divisor of 35 and l?
7
Let m = 1314 - 1308. Calculate the greatest common divisor of m and 248.
2
Let p(d) = d**3 + 6*d**2 + 3*d + 3. Let a be p(-4). Suppose 219*x - 522*x + 163346 = -169*x. What is the highest common factor of x and a?
23
Suppose 3*r - 15 = -o + 5, 0 = -5*r + 2*o + 48. Suppose r*c - 373 + 21 = 0. What is the highest common factor of 704 and c?
44
Suppose -9*a = -267 - 1896 + 300. Calculate the greatest common divisor of 805 and a.
23
Let d = 18 + -21. Let s be d*(28/(-6) + 4). Suppose 4*v = -3*f + 8, 2*v - 24 = 4*f + s. Calculate the greatest common factor of 20 and v.
5
Let p be ((-25)/10 + 3)*24. Let w be 12/18*51/2*2. Let b = 52 - w. What is the highest common divisor of b and p?
6
Let r(v) = -v**2 - 15*v - 54. Let d be r(-8). Suppose -d*b = -2*j - 6*b + 340, 0 = 5*j - 2*b - 874. What is the highest common factor of 232 and j?
58
Suppose 209*r - 504050 = 113867 + 770888. Calculate the highest common divisor of 60 and r.
15
Let x(g) = 15*g + 80. Let t(n) = 8*n + 37. Let z(l) = 5*t(l) - 3*x(l). Let k be z(-20). What is the highest common factor of 195 and k?
15
Let o(f) = 373*f - 1953. Let m be o(6). Calculate the highest common divisor of m and 171.
57
Let s be (21792/(-52))/(-6) - (-2)/13. Let b = 130 - s. Calculate the greatest common factor of 100 and b.
20
Let c = 25 - 23. Let u(g) = 9*g**2 + 6. Let o be u(c). Calculate the highest common factor of o and 210.
42
Let p be -1*(12345/(-51) + 4/68). What is the highest common divisor of 2 and p?
2
Suppose -2*f = 4*z + 174, -12 = f + 3*f. Let c = 31 + z. Let u = -10 - c. Calculate the greatest common divisor of 3 and u.
1
Suppose 37*y = -41*y + 33*y + 12240. Calculate the greatest common divisor of 3332 and y.
68
Let z(q) = 11*q**2 + 26*q + 186. Let t be z(-8). What is the highest common factor of t and 31?
31
Suppose 812 = 4*t - 4*p, -395 - 26 = -2*t + 5*p. Suppose -3*u = 2*o - 35, 98*o = 103*o + 2*u - 104. What is the highest common factor of o and t?
22
Let x be 208/39 + (-2)/6. Let h = 20 - x. Let j(l) = l**2 + 6*l + 6. Let b be j(-6). Calculate the greatest common divisor of b and h.
3
Suppose 137026 + 472934 = 34*n. Calculate the greatest common divisor of n and 46.
46
Let c = -4051 + 4120. W